{"id":654,"date":"2013-04-16T16:16:30","date_gmt":"2013-04-16T14:16:30","guid":{"rendered":"http:\/\/bettyswelt.hostingsociety.com\/blog\/?page_id=654"},"modified":"2018-06-01T09:39:37","modified_gmt":"2018-06-01T07:39:37","slug":"begleithundeprufung","status":"publish","type":"page","link":"https:\/\/www.belfers.de\/?page_id=654","title":{"rendered":"Begleithundepr\u00fcfung"},"content":{"rendered":"<p><strong>Cooper ist jetzt DVG gepr\u00fcfter Begleithund<\/strong>;<br \/>\ner hat am 14.04.2013 im Alter von 18 1\/2 Monaten die<br \/>\nVDH-Begleithunde-Pr\u00fcfung bestanden.<\/p>\n<p>An der Pr\u00fcfung haben sechs Hunde teilgenommen;<br \/>\nneben Cooper war<br \/>\neine Schweizer Sennenh\u00fcndin<br \/>\nein Wei\u00dfer Schweizer Sch\u00e4ferhund<br \/>\neine Continental Bulldogh\u00fcndin<br \/>\nein Jack Russel Terrier<br \/>\nein Golden Retriever<br \/>\ndabei.<br \/>\nEs haben alle Hunde bestanden!<\/p>\n<p>Cooper hat 57 von 60 Punkten erreicht.<\/p>\n<p>Abz\u00fcge gab es f\u00fcr<br \/>\nHinterherh\u00e4ngen bei der Leinenf\u00fchrigkeit in der Gruppe<br \/>\nschiefer Vorsitz beim Abrufen<\/p>\n<p>Ach ja, und ich habe den Sachkundenachweis f\u00fcr Hundesportpr\u00fcfungen bestanden \ud83d\ude42<\/p>\n<p><a href=\"https:\/\/www.belfers.de\/?gallery=begleithundeprufung-am-14-04-2013\" title=\"Begleithundepr\u00fcfung Bilder\" target=\"_blank\">Fotos<\/a><\/p>\n","protected":false},"excerpt":{"rendered":"<p>Cooper ist jetzt DVG gepr\u00fcfter Begleithund; er hat am 14.04.2013 im Alter von 18 1\/2 Monaten die VDH-Begleithunde-Pr\u00fcfung bestanden. An der Pr\u00fcfung haben sechs Hunde teilgenommen; neben Cooper war eine Schweizer Sennenh\u00fcndin ein Wei\u00dfer Schweizer Sch\u00e4ferhund eine Continental Bulldogh\u00fcndin ein Jack Russel Terrier ein Golden Retriever dabei. Es haben alle Hunde bestanden! Cooper hat 57 &hellip; <a href=\"https:\/\/www.belfers.de\/?page_id=654\" class=\"more-link\"><span class=\"screen-reader-text\">&#8222;Begleithundepr\u00fcfung&#8220; <\/span>weiterlesen<\/a><\/p>\n","protected":false},"author":1,"featured_media":0,"parent":561,"menu_order":1,"comment_status":"open","ping_status":"closed","template":"","meta":[],"_links":{"self":[{"href":"https:\/\/www.belfers.de\/index.php?rest_route=\/wp\/v2\/pages\/654"}],"collection":[{"href":"https:\/\/www.belfers.de\/index.php?rest_route=\/wp\/v2\/pages"}],"about":[{"href":"https:\/\/www.belfers.de\/index.php?rest_route=\/wp\/v2\/types\/page"}],"author":[{"embeddable":true,"href":"https:\/\/www.belfers.de\/index.php?rest_route=\/wp\/v2\/users\/1"}],"replies":[{"embeddable":true,"href":"https:\/\/www.belfers.de\/index.php?rest_route=%2Fwp%2Fv2%2Fcomments&post=654"}],"version-history":[{"count":8,"href":"https:\/\/www.belfers.de\/index.php?rest_route=\/wp\/v2\/pages\/654\/revisions"}],"predecessor-version":[{"id":3837,"href":"https:\/\/www.belfers.de\/index.php?rest_route=\/wp\/v2\/pages\/654\/revisions\/3837"}],"up":[{"embeddable":true,"href":"https:\/\/www.belfers.de\/index.php?rest_route=\/wp\/v2\/pages\/561"}],"wp:attachment":[{"href":"https:\/\/www.belfers.de\/index.php?rest_route=%2Fwp%2Fv2%2Fmedia&parent=654"}],"curies":[{"name":"wp","href":"https:\/\/api.w.org\/{rel}","templated":true}]}}