{"id":4296,"date":"2017-07-26T13:05:59","date_gmt":"2017-07-26T11:05:59","guid":{"rendered":"http:\/\/www.belfers.de\/?page_id=4296"},"modified":"2018-06-01T09:39:37","modified_gmt":"2018-06-01T07:39:37","slug":"auf-den-zweithund-gekommen","status":"publish","type":"page","link":"https:\/\/www.belfers.de\/?page_id=4296","title":{"rendered":"Auf den (Zweit)hund gekommen"},"content":{"rendered":"<p>Ja, ja, Kurzhaarcollies machen s\u00fcchtig!<br \/>\nDas musste ich auch relativ schnell erkennen &#8211; besonders wenn es sich um so einen tollen Hund wie Cooper handelt.<br \/>\nDer Wunsch nach einem zweiten Kurzhaarcollie keimte schon eine ganze Weile in mir und dann sollte Cooper 2014 das erste Mal Papa werden. Was l\u00e4ge da n\u00e4her als einfach einen Welpen von ihm zu nehmen!<br \/>\nAber unsere Kinder waren noch so klein und so verwarf ich den Gedanken schweren Herzens erstmal wieder. Zudem w\u00fcnschte ich mir zu Cooper einen tricolor R\u00fcden und wie das Schicksal es so wollte waren in dem E-Wurf vom <a href=\"http:\/\/www.palais-brinn.de\/Kurzhaarcollies_in_Berlin\/Kurzhaarcollies_in_Berlin.html\" title=\"Kurzhaarcolliezucht in Berlin\" target=\"_blank\">Palais Brinn<\/a> zwar 10 Welpen (5 R\u00fcden, 5 H\u00fcndinnen), aber nicht ein einziger tricolor R\u00fcde. Also sollte es nicht sein!<\/p>\n<p>In 2015 ergab sich die n\u00e4chste Gelegenheit!<br \/>\nCooper deckte die schwedische H\u00fcndin von <a href=\"http:\/\/www.activestars.se\/\" title=\"Kurzhaarcolliezucht in Schweden Active Star\u00b4s\" target=\"_blank\">Active Star\u00b4s<\/a>. Allerdings w\u00e4re die Fahrt nach Schweden, um den Welpen zu besuchen und schlie\u00dflich abzuholen, dann doch ein bisschen zu viel f\u00fcr mich gewesen. Mir blutete das Herz&#8230; besonders da gerade in diesem Wurf mehrere tricolor R\u00fcden geboren wurden. <\/p>\n<p>Aber schon 2016 sollte ich wieder Hoffnung hegen.<br \/>\nErneut deckte Cooper beim <a href=\"http:\/\/www.palais-brinn.de\/Kurzhaarcollies_in_Berlin\/Kurzhaarcollies_in_Berlin.html\" title=\"Kurzhaarcolliezucht in Berlin\" target=\"_blank\">Palais Brinn<\/a>. Da es eine Wurfwiederholung des E-Wurf war und bekannt war, dass im E-Wurf sehr freundliche Hunde entstanden sind, beschloss ich, dass es nun an der Zeit war f\u00fcr einen &#8222;Zweit&#8220;hund!<br \/>\nWarum &#8222;Zweit&#8220;hund? Nun ja, ich arbeitete und die Kinder waren immer noch sehr klein (2&#038;5 Jahre) &#8211; ich f\u00fcrchtete mich mit einem Welpen zu \u00fcbernehmen &#8211; und so beschloss ich, meine Mutter mit ins Boot zu holen. Wir w\u00fcrden uns den Hund teilen. Er w\u00fcrde \u00fcberwiegend bei ihr leben und in regelm\u00e4\u00dfigen Abst\u00e4nden bei mir sein, damit er guten Kontakt zu seinem Papa Cooper aufbauen k\u00f6nnte und au\u00dferdem gut auf kleine Kinder gepr\u00e4gt werden w\u00fcrde! Nun musste nur noch ein tricolor R\u00fcde geboren werden&#8230;<br \/>\nUnd das Gl\u00fcck war auf unserer Seite. Nach einer schweren Geburt erblickten 6 Welpen das Licht der Welt und darunter ein h\u00fcbscher tricolor Bube, der sich den den kommenden 8 Wochen unter dem liebevollen Aufzucht von Judith Engel, der Z\u00fcchterin vom <a href=\"http:\/\/www.palais-brinn.de\/Kurzhaarcollies_in_Berlin\/Kurzhaarcollies_in_Berlin.html\" title=\"Kurzhaarcolliezucht in Berlin\" target=\"_blank\">Palais Brinn<\/a>, sehr gut entwickelte.<br \/>\nEr sollte es sein! Hopefully Jack vom Palais Brinn, geboren am 24.03.2016. Ein wundersch\u00f6ner und freundlicher R\u00fcde.<br \/>\nDas Abenteuer Teilz(w)eit-Hund konnte beginnen&#8230;<\/p>\n<p><a href=\"https:\/\/www.belfers.de\/wp-content\/uploads\/2016\/09\/2016-05-23-12.51.10_klein.jpg\"><img loading=\"lazy\" src=\"https:\/\/www.belfers.de\/wp-content\/uploads\/2016\/09\/2016-05-23-12.51.10_klein.jpg\" alt=\"2016-05-23 12.51.10_klein\" width=\"640\" height=\"480\" class=\"aligncenter size-full wp-image-4128\" srcset=\"https:\/\/www.belfers.de\/wp-content\/uploads\/2016\/09\/2016-05-23-12.51.10_klein.jpg 640w, https:\/\/www.belfers.de\/wp-content\/uploads\/2016\/09\/2016-05-23-12.51.10_klein-300x225.jpg 300w, https:\/\/www.belfers.de\/wp-content\/uploads\/2016\/09\/2016-05-23-12.51.10_klein-160x120.jpg 160w\" sizes=\"(max-width: 640px) 85vw, 640px\" \/><\/a><\/p>\n<p><a href=\"https:\/\/www.belfers.de\/wp-content\/uploads\/2016\/09\/14310327_1048309661950312_2136607137955317555_o_klein.jpg\"><img loading=\"lazy\" src=\"https:\/\/www.belfers.de\/wp-content\/uploads\/2016\/09\/14310327_1048309661950312_2136607137955317555_o_klein.jpg\" alt=\"14310327_1048309661950312_2136607137955317555_o_klein\" width=\"640\" height=\"426\" class=\"aligncenter size-full wp-image-4214\" srcset=\"https:\/\/www.belfers.de\/wp-content\/uploads\/2016\/09\/14310327_1048309661950312_2136607137955317555_o_klein.jpg 640w, https:\/\/www.belfers.de\/wp-content\/uploads\/2016\/09\/14310327_1048309661950312_2136607137955317555_o_klein-300x200.jpg 300w, https:\/\/www.belfers.de\/wp-content\/uploads\/2016\/09\/14310327_1048309661950312_2136607137955317555_o_klein-120x80.jpg 120w\" sizes=\"(max-width: 640px) 85vw, 640px\" \/><\/a><\/p>\n<p><a href=\"https:\/\/www.belfers.de\/wp-content\/uploads\/2017\/07\/2017-07-07-10.32.06.jpg\"><img loading=\"lazy\" src=\"https:\/\/www.belfers.de\/wp-content\/uploads\/2017\/07\/2017-07-07-10.32.06.jpg\" alt=\"2017-07-07 10.32.06\" width=\"1600\" height=\"1200\" class=\"aligncenter size-full wp-image-4311\" srcset=\"https:\/\/www.belfers.de\/wp-content\/uploads\/2017\/07\/2017-07-07-10.32.06.jpg 1600w, https:\/\/www.belfers.de\/wp-content\/uploads\/2017\/07\/2017-07-07-10.32.06-300x225.jpg 300w, https:\/\/www.belfers.de\/wp-content\/uploads\/2017\/07\/2017-07-07-10.32.06-1024x768.jpg 1024w, https:\/\/www.belfers.de\/wp-content\/uploads\/2017\/07\/2017-07-07-10.32.06-160x120.jpg 160w\" sizes=\"(max-width: 709px) 85vw, (max-width: 909px) 67vw, (max-width: 1362px) 62vw, 840px\" \/><\/a><\/p>\n<p>zur\u00fcck zu <a href=\"https:\/\/www.belfers.de\/?page_id=4092\" title=\"\u00dcber Kurzhaarcollie Jack\">\u00dcber Kurzhaarcollie Jack<\/a><\/p>\n","protected":false},"excerpt":{"rendered":"<p>Ja, ja, Kurzhaarcollies machen s\u00fcchtig! Das musste ich auch relativ schnell erkennen &#8211; besonders wenn es sich um so einen tollen Hund wie Cooper handelt. Der Wunsch nach einem zweiten Kurzhaarcollie keimte schon eine ganze Weile in mir und dann sollte Cooper 2014 das erste Mal Papa werden. Was l\u00e4ge da n\u00e4her als einfach einen &hellip; <a href=\"https:\/\/www.belfers.de\/?page_id=4296\" class=\"more-link\"><span class=\"screen-reader-text\">&#8222;Auf den (Zweit)hund gekommen&#8220; <\/span>weiterlesen<\/a><\/p>\n","protected":false},"author":1,"featured_media":0,"parent":4092,"menu_order":1,"comment_status":"open","ping_status":"open","template":"","meta":[],"_links":{"self":[{"href":"https:\/\/www.belfers.de\/index.php?rest_route=\/wp\/v2\/pages\/4296"}],"collection":[{"href":"https:\/\/www.belfers.de\/index.php?rest_route=\/wp\/v2\/pages"}],"about":[{"href":"https:\/\/www.belfers.de\/index.php?rest_route=\/wp\/v2\/types\/page"}],"author":[{"embeddable":true,"href":"https:\/\/www.belfers.de\/index.php?rest_route=\/wp\/v2\/users\/1"}],"replies":[{"embeddable":true,"href":"https:\/\/www.belfers.de\/index.php?rest_route=%2Fwp%2Fv2%2Fcomments&post=4296"}],"version-history":[{"count":12,"href":"https:\/\/www.belfers.de\/index.php?rest_route=\/wp\/v2\/pages\/4296\/revisions"}],"predecessor-version":[{"id":4312,"href":"https:\/\/www.belfers.de\/index.php?rest_route=\/wp\/v2\/pages\/4296\/revisions\/4312"}],"up":[{"embeddable":true,"href":"https:\/\/www.belfers.de\/index.php?rest_route=\/wp\/v2\/pages\/4092"}],"wp:attachment":[{"href":"https:\/\/www.belfers.de\/index.php?rest_route=%2Fwp%2Fv2%2Fmedia&parent=4296"}],"curies":[{"name":"wp","href":"https:\/\/api.w.org\/{rel}","templated":true}]}}