{"id":4092,"date":"2016-05-20T21:36:45","date_gmt":"2016-05-20T19:36:45","guid":{"rendered":"http:\/\/www.belfers.de\/?page_id=4092"},"modified":"2018-06-01T09:39:55","modified_gmt":"2018-06-01T07:39:55","slug":"ueber-kurzhaarcollie-jack","status":"publish","type":"page","link":"https:\/\/www.belfers.de\/?page_id=4092","title":{"rendered":"\u00dcber Kurzhaarcollie Jack"},"content":{"rendered":"<p><a href=\"https:\/\/www.belfers.de\/wp-content\/uploads\/2017\/07\/Stand-Kopie.jpg\"><img loading=\"lazy\" src=\"https:\/\/www.belfers.de\/wp-content\/uploads\/2017\/07\/Stand-Kopie.jpg\" alt=\"Stand - Kopie\" width=\"1417\" height=\"2126\" class=\"aligncenter size-full wp-image-4322\" srcset=\"https:\/\/www.belfers.de\/wp-content\/uploads\/2017\/07\/Stand-Kopie.jpg 1417w, https:\/\/www.belfers.de\/wp-content\/uploads\/2017\/07\/Stand-Kopie-200x300.jpg 200w, https:\/\/www.belfers.de\/wp-content\/uploads\/2017\/07\/Stand-Kopie-683x1024.jpg 683w\" sizes=\"(max-width: 709px) 85vw, (max-width: 909px) 67vw, (max-width: 1362px) 62vw, 840px\" \/><\/a> [Foto oben: Andrea See, Juli 2017]<\/p>\n<p><a href=\"https:\/\/www.belfers.de\/wp-content\/uploads\/2016\/05\/14138129_1032581316856480_5675859680002927830_o_klein.jpg\"><img loading=\"lazy\" src=\"https:\/\/www.belfers.de\/wp-content\/uploads\/2016\/05\/14138129_1032581316856480_5675859680002927830_o_klein.jpg\" alt=\"14138129_1032581316856480_5675859680002927830_o_klein\" width=\"640\" height=\"426\" class=\"aligncenter size-full wp-image-4111\" srcset=\"https:\/\/www.belfers.de\/wp-content\/uploads\/2016\/05\/14138129_1032581316856480_5675859680002927830_o_klein.jpg 640w, https:\/\/www.belfers.de\/wp-content\/uploads\/2016\/05\/14138129_1032581316856480_5675859680002927830_o_klein-300x200.jpg 300w, https:\/\/www.belfers.de\/wp-content\/uploads\/2016\/05\/14138129_1032581316856480_5675859680002927830_o_klein-120x80.jpg 120w\" sizes=\"(max-width: 640px) 85vw, 640px\" \/><\/a> [Foto oben: Tanja Harms, Pfotenmomente]<\/p>\n<p>Seit dem 21. Mai 2016 wohnt Jack in Bremen bei meiner Mutter \ud83d\ude42 und regelm\u00e4\u00dfig auch bei mir! So hat er immer viel Kontakt zu seinem Papa Cooper und auch zu meinen kleinen Kindern, sowie den Tageskindern, die ich betreue.<\/p>\n<p><a href=\"https:\/\/www.belfers.de\/wp-content\/uploads\/2016\/03\/HPIM1106_klein.jpg\"><img loading=\"lazy\" src=\"https:\/\/www.belfers.de\/wp-content\/uploads\/2016\/03\/HPIM1106_klein.jpg\" alt=\"HPIM1106_klein\" width=\"631\" height=\"480\" class=\"aligncenter size-full wp-image-4067\" srcset=\"https:\/\/www.belfers.de\/wp-content\/uploads\/2016\/03\/HPIM1106_klein.jpg 631w, https:\/\/www.belfers.de\/wp-content\/uploads\/2016\/03\/HPIM1106_klein-300x228.jpg 300w\" sizes=\"(max-width: 631px) 85vw, 631px\" \/><\/a><\/p>\n<p>Name: Hopefully Jack vom Palais Brinn<br \/>\nRufname: Jack<br \/>\nRasse: Kurzhaarcollie<br \/>\nFarbe: Tricolor<br \/>\nStockma\u00df: &#8230;<\/p>\n<p>Sport: Agility<\/p>\n<p>Ausstellungstitel: BOB (Sottrum, 2017)<\/p>\n<p>Wurftag: 24. M\u00e4rz 2016<br \/>\nZ\u00fcchter: Judith Engel<\/p>\n<p>Mutter: <a href=\"http:\/\/www.smooth-collie.net\/view.php?id=5415\" title=\"Bibiane vom Palais Brinn\" target=\"_blank\">Bibiane vom Palais Brinn<\/a><br \/>\nVater: <a href=\"http:\/\/www.smooth-collie.net\/view.php?id=7999\" title=\"Anette\u00b4s Emotion Brady\" target=\"_blank\">Anette\u00b4s Emotion Brady<br \/>\n<\/a><br \/>\nPedigree:<br \/>\n<a href=\"http:\/\/www.smooth-collie.net\/view.php?id=13452\" title=\"Hopefully Jack vom Palais Brinn\" target=\"_blank\">Jacks Ahnentafel<\/a><\/p>\n<p>Geschwister:<br \/>\n<a href=\"http:\/\/www.smooth-collie.net\/view.php?id=13451\" title=\"Hector vom Palais Brinn\" target=\"_blank\">Hector vom Palais Brinn<\/a>, &#8222;Leo&#8220;, R\u00fcde, blue merle<br \/>\n<a href=\"http:\/\/www.smooth-collie.net\/view.php?id=13450\" title=\"Hermine vom Palais Brinn\" target=\"_blank\">Hermine vom Palais Brinn<\/a>, H\u00fcndin, blue merle<br \/>\n<a href=\"http:\/\/www.smooth-collie.net\/view.php?id=13449\" title=\"Hermia vom Palais Brinn\" target=\"_blank\">Hermia vom Palais Brinn<\/a>, &#8222;Majbell&#8220;, H\u00fcndin, blue merle<br \/>\n<a href=\"http:\/\/www.smooth-collie.net\/view.php?id=13447\" title=\"Hazel Hope vom Palais Brinn\" target=\"_blank\">Hazel Hope vom Palais Brinn<\/a>, H\u00fcndin, tricolor<br \/>\n<a href=\"http:\/\/www.smooth-collie.net\/view.php?id=13448\" title=\"Helena vom Palais Brinn\" target=\"_blank\">Helena vom Palais Brinn<\/a>, H\u00fcndin, tricolor<br \/>\n______________________________________________________________<br \/>\nGesundheitswerte:<\/p>\n<p>mit 7 Wochen klinisch frei auf alle Augenerkrankungen<br \/>\nCEA +\/- Tr\u00e4ger (Laboklin)<br \/>\nPRA rcd2 N\/N genetisch frei (Laboklin)<\/p>\n<p>MDR1 +\/- Tr\u00e4ger (Laboklin)<br \/>\nDM N\/N genetisch frei (Laboklin)<br \/>\nHyperuricosurie (SLC) genetisch frei (Laboklin)<br \/>\nLanghaargen Tr\u00e4ger<\/p>\n<p>HD A<\/p>\n<p>DNA-Profil vorhanden (Laboklin)<br \/>\n______________________________________________________________<\/p>\n<p>Jack wurde am 19.11.2017 auf der SRA Badbergen zur Zucht empfohlen.<br \/>\nSomit steht Jack geeigneten H\u00fcndinnen als Deckr\u00fcde zur Verf\u00fcgung.<br \/>\nEine fr\u00fchzeitige Kontaktaufnahme ist sehr erw\u00fcnscht!<br \/>\n______________________________________________________________<\/p>\n<p>Jack mag: Streicheleinheiten, Kinder, seinen Papa Cooper<\/p>\n<p>Jack mag nicht: &#8230;<\/p>\n<p><a href=\"https:\/\/www.belfers.de\/wp-content\/uploads\/2016\/05\/DSC00005a.jpg\"><img loading=\"lazy\" src=\"https:\/\/www.belfers.de\/wp-content\/uploads\/2016\/05\/DSC00005a.jpg\" alt=\"DSC00005a\" width=\"2048\" height=\"1536\" class=\"aligncenter size-full wp-image-4342\" srcset=\"https:\/\/www.belfers.de\/wp-content\/uploads\/2016\/05\/DSC00005a.jpg 2048w, https:\/\/www.belfers.de\/wp-content\/uploads\/2016\/05\/DSC00005a-300x225.jpg 300w, https:\/\/www.belfers.de\/wp-content\/uploads\/2016\/05\/DSC00005a-1024x768.jpg 1024w, https:\/\/www.belfers.de\/wp-content\/uploads\/2016\/05\/DSC00005a-160x120.jpg 160w\" sizes=\"(max-width: 709px) 85vw, (max-width: 909px) 67vw, (max-width: 1362px) 62vw, 840px\" \/><\/a> [Foto oben: Carmen N\u00f6tzel]<br \/>\nJack auf der Wippe<\/p>\n<p><a href=\"https:\/\/www.belfers.de\/wp-content\/uploads\/2016\/05\/DSC00008a.jpg\"><img loading=\"lazy\" src=\"https:\/\/www.belfers.de\/wp-content\/uploads\/2016\/05\/DSC00008a.jpg\" alt=\"DSC00008a\" width=\"1536\" height=\"2048\" class=\"aligncenter size-full wp-image-4343\" srcset=\"https:\/\/www.belfers.de\/wp-content\/uploads\/2016\/05\/DSC00008a.jpg 1536w, https:\/\/www.belfers.de\/wp-content\/uploads\/2016\/05\/DSC00008a-225x300.jpg 225w, https:\/\/www.belfers.de\/wp-content\/uploads\/2016\/05\/DSC00008a-768x1024.jpg 768w\" sizes=\"(max-width: 709px) 85vw, (max-width: 909px) 67vw, (max-width: 1362px) 62vw, 840px\" \/><\/a> [Foto oben: Carmen N\u00f6tzel]<br \/>\nJack auf der A-Wand<\/p>\n<p><a href=\"https:\/\/www.belfers.de\/wp-content\/uploads\/2017\/07\/HR-KH1FB_klein.jpg\"><img loading=\"lazy\" src=\"https:\/\/www.belfers.de\/wp-content\/uploads\/2017\/07\/HR-KH1FB_klein.jpg\" alt=\"HR-KH1FB_klein\" width=\"776\" height=\"518\" class=\"aligncenter size-full wp-image-4327\" srcset=\"https:\/\/www.belfers.de\/wp-content\/uploads\/2017\/07\/HR-KH1FB_klein.jpg 776w, https:\/\/www.belfers.de\/wp-content\/uploads\/2017\/07\/HR-KH1FB_klein-300x200.jpg 300w, https:\/\/www.belfers.de\/wp-content\/uploads\/2017\/07\/HR-KH1FB_klein-120x80.jpg 120w\" sizes=\"(max-width: 776px) 85vw, 776px\" \/><\/a> [Foto oben: Andrea See, Juli 2017]<br \/>\nJack und Papa Cooper \ud83d\ude42<\/p>\n<p><a href=\"https:\/\/www.belfers.de\/?page_id=4296\" title=\"Auf den (Zweit)hund gekommen\" target=\"_blank\">Jacks Geschichte<\/a><br \/>\n<a href=\"https:\/\/www.belfers.de\/?page_id=4272\" title=\"Ausstellungserfolge\" target=\"_blank\">Ausstellungserfolge<\/a><br \/>\nSporterfolge (folgt)<\/p>\n","protected":false},"excerpt":{"rendered":"<p>[Foto oben: Andrea See, Juli 2017] [Foto oben: Tanja Harms, Pfotenmomente] Seit dem 21. Mai 2016 wohnt Jack in Bremen bei meiner Mutter \ud83d\ude42 und regelm\u00e4\u00dfig auch bei mir! So hat er immer viel Kontakt zu seinem Papa Cooper und auch zu meinen kleinen Kindern, sowie den Tageskindern, die ich betreue. Name: Hopefully Jack vom &hellip; <a href=\"https:\/\/www.belfers.de\/?page_id=4092\" class=\"more-link\"><span class=\"screen-reader-text\">&#8222;\u00dcber Kurzhaarcollie Jack&#8220; <\/span>weiterlesen<\/a><\/p>\n","protected":false},"author":1,"featured_media":0,"parent":0,"menu_order":3,"comment_status":"open","ping_status":"closed","template":"","meta":[],"_links":{"self":[{"href":"https:\/\/www.belfers.de\/index.php?rest_route=\/wp\/v2\/pages\/4092"}],"collection":[{"href":"https:\/\/www.belfers.de\/index.php?rest_route=\/wp\/v2\/pages"}],"about":[{"href":"https:\/\/www.belfers.de\/index.php?rest_route=\/wp\/v2\/types\/page"}],"author":[{"embeddable":true,"href":"https:\/\/www.belfers.de\/index.php?rest_route=\/wp\/v2\/users\/1"}],"replies":[{"embeddable":true,"href":"https:\/\/www.belfers.de\/index.php?rest_route=%2Fwp%2Fv2%2Fcomments&post=4092"}],"version-history":[{"count":20,"href":"https:\/\/www.belfers.de\/index.php?rest_route=\/wp\/v2\/pages\/4092\/revisions"}],"predecessor-version":[{"id":4382,"href":"https:\/\/www.belfers.de\/index.php?rest_route=\/wp\/v2\/pages\/4092\/revisions\/4382"}],"wp:attachment":[{"href":"https:\/\/www.belfers.de\/index.php?rest_route=%2Fwp%2Fv2%2Fmedia&parent=4092"}],"curies":[{"name":"wp","href":"https:\/\/api.w.org\/{rel}","templated":true}]}}