{"id":3223,"date":"2014-11-30T12:13:22","date_gmt":"2014-11-30T11:13:22","guid":{"rendered":"http:\/\/www.belfers.de\/?page_id=3223"},"modified":"2018-06-01T09:40:17","modified_gmt":"2018-06-01T07:40:17","slug":"schoko-cookies-vegan","status":"publish","type":"page","link":"https:\/\/www.belfers.de\/?page_id=3223","title":{"rendered":"Schoko-Cookies (vegan)"},"content":{"rendered":"<p>Zutaten<br \/>\n200g \t        Mehl<br \/>\n1 Pck. \t        Backpulver<br \/>\n100g\t        Zucker (Vollrohrzucker)<br \/>\n1 Pck. \t        Vanillezucker<br \/>\n50g \t        Kakaopulver (das zum Backen, ohne Zucker, ohne Milchpulver)<br \/>\n1 Prise         Salz<br \/>\n100ml \t        geschmacksneutrales \u00d6l<br \/>\n50ml \t        Wasser<\/p>\n<p>150g\t        gehackte Mandeln<br \/>\n75g             Schokotr\u00f6pfchen (die meisten sind ohne Milchbestandteile!)<\/p>\n<p>Erst alle trockenen Zutaten &#8211; bis auf die Mandeln und die Schokotropfen &#8211; in eine  gro\u00dfe Sch\u00fcssel geben, dann alle fl\u00fcssigen Zutaten in eine andere Sch\u00fcssel geben;<br \/>\nDann die fl\u00fcssigen Zutaten unter R\u00fchren (am besten mit einem Handr\u00fchrger\u00e4t) zu den trockenen Zutaten geben und alles gut vermengen; zum Schluss die Mandeln und die Schokotropfen unterheben;<br \/>\nBackofen auf 180 Grad vorheizen;<br \/>\nVon dem Teig mit feuchten H\u00e4nden kleine Teile abtrennen und zwischen den Handfl\u00e4chen zu Kugeln formen; die Kugeln auf dem Backblech zur gew\u00fcnschten Dicke platt dr\u00fccken; zwischen den Cookies Abstand lassen, da sie noch aufgehen;<br \/>\nJe nach Dicke zwischn 8-12 Minuten backen;<br \/>\nDie Cookies m\u00fcssen noch sehr weich sein, wenn sie aus dem Ofen kommen, beim Abk\u00fchlen h\u00e4rten sie dann noch aus;<br \/>\nin einer Keksdose halten sie ein paar Wochen  &#8211; bei uns sind sie allerding schon nach wenigen Stunden (!!!) alle \ud83d\ude09<br \/>\nViel Spass beim Nachbacken!<\/p>\n<p>Fotos folgen&#8230;<\/p>\n","protected":false},"excerpt":{"rendered":"<p>Zutaten 200g Mehl 1 Pck. Backpulver 100g Zucker (Vollrohrzucker) 1 Pck. Vanillezucker 50g Kakaopulver (das zum Backen, ohne Zucker, ohne Milchpulver) 1 Prise Salz 100ml geschmacksneutrales \u00d6l 50ml Wasser 150g gehackte Mandeln 75g Schokotr\u00f6pfchen (die meisten sind ohne Milchbestandteile!) Erst alle trockenen Zutaten &#8211; bis auf die Mandeln und die Schokotropfen &#8211; in eine gro\u00dfe &hellip; <a href=\"https:\/\/www.belfers.de\/?page_id=3223\" class=\"more-link\"><span class=\"screen-reader-text\">&#8222;Schoko-Cookies (vegan)&#8220; <\/span>weiterlesen<\/a><\/p>\n","protected":false},"author":1,"featured_media":0,"parent":152,"menu_order":15,"comment_status":"open","ping_status":"closed","template":"","meta":[],"_links":{"self":[{"href":"https:\/\/www.belfers.de\/index.php?rest_route=\/wp\/v2\/pages\/3223"}],"collection":[{"href":"https:\/\/www.belfers.de\/index.php?rest_route=\/wp\/v2\/pages"}],"about":[{"href":"https:\/\/www.belfers.de\/index.php?rest_route=\/wp\/v2\/types\/page"}],"author":[{"embeddable":true,"href":"https:\/\/www.belfers.de\/index.php?rest_route=\/wp\/v2\/users\/1"}],"replies":[{"embeddable":true,"href":"https:\/\/www.belfers.de\/index.php?rest_route=%2Fwp%2Fv2%2Fcomments&post=3223"}],"version-history":[{"count":6,"href":"https:\/\/www.belfers.de\/index.php?rest_route=\/wp\/v2\/pages\/3223\/revisions"}],"predecessor-version":[{"id":3229,"href":"https:\/\/www.belfers.de\/index.php?rest_route=\/wp\/v2\/pages\/3223\/revisions\/3229"}],"up":[{"embeddable":true,"href":"https:\/\/www.belfers.de\/index.php?rest_route=\/wp\/v2\/pages\/152"}],"wp:attachment":[{"href":"https:\/\/www.belfers.de\/index.php?rest_route=%2Fwp%2Fv2%2Fmedia&parent=3223"}],"curies":[{"name":"wp","href":"https:\/\/api.w.org\/{rel}","templated":true}]}}