{"id":1850,"date":"2013-09-27T15:11:41","date_gmt":"2013-09-27T13:11:41","guid":{"rendered":"http:\/\/www.belfers.de\/?page_id=1850"},"modified":"2018-06-01T09:39:57","modified_gmt":"2018-06-01T07:39:57","slug":"kurbisbrotchen","status":"publish","type":"page","link":"https:\/\/www.belfers.de\/?page_id=1850","title":{"rendered":"K\u00fcrbisbr\u00f6tchen"},"content":{"rendered":"<p>750g K\u00fcrbisfleisch (z.B. Hokaido)<br \/>\n125g Margarine<br \/>\n1 TL Salz<br \/>\n2 Eier<br \/>\n1kg Mehl<br \/>\n2 P\u00e4ckchen Trockenhefe (oder zwei W\u00fcrfel frische Hefe)<br \/>\n100g Zucker<br \/>\netwas Wasser<\/p>\n<p>Den K\u00fcrbis bei Bedarf sch\u00e4len (z.B. beim Hokaido kann die Schale mitverarbeitet werden), teilen und entkernen, das Fleisch mit etwas Wasser kochen;<br \/>\ndas Mehl in eine gro\u00dfe Sch\u00fcssel geben und in der Mitte eine Mulde machen, Zucker und Hefe mit etwas Wasser dort rein f\u00fcllen und vermischen. Sch\u00fcssel abdecken und zur Seite stellen.<br \/>\ngekochten K\u00fcrbis p\u00fcrieren, mit Salz und Margarine mischen; zum Mehl noch die Eier geben und den Teig zusammen mit der warmen K\u00fcrbismischung vermengen;<br \/>\nden Teig 70 Min gehen lassen;<br \/>\ndann kleine Br\u00f6tchen daraus formen; auf dem Blech nochmal 30 Min gehen lassen;<br \/>\nBackofen auf 180 Grad vorheizen;<br \/>\nBr\u00f6tchen 20-30 Min backen.<\/p>\n","protected":false},"excerpt":{"rendered":"<p>750g K\u00fcrbisfleisch (z.B. Hokaido) 125g Margarine 1 TL Salz 2 Eier 1kg Mehl 2 P\u00e4ckchen Trockenhefe (oder zwei W\u00fcrfel frische Hefe) 100g Zucker etwas Wasser Den K\u00fcrbis bei Bedarf sch\u00e4len (z.B. beim Hokaido kann die Schale mitverarbeitet werden), teilen und entkernen, das Fleisch mit etwas Wasser kochen; das Mehl in eine gro\u00dfe Sch\u00fcssel geben und &hellip; <a href=\"https:\/\/www.belfers.de\/?page_id=1850\" class=\"more-link\"><span class=\"screen-reader-text\">&#8222;K\u00fcrbisbr\u00f6tchen&#8220; <\/span>weiterlesen<\/a><\/p>\n","protected":false},"author":1,"featured_media":0,"parent":152,"menu_order":4,"comment_status":"open","ping_status":"closed","template":"","meta":[],"_links":{"self":[{"href":"https:\/\/www.belfers.de\/index.php?rest_route=\/wp\/v2\/pages\/1850"}],"collection":[{"href":"https:\/\/www.belfers.de\/index.php?rest_route=\/wp\/v2\/pages"}],"about":[{"href":"https:\/\/www.belfers.de\/index.php?rest_route=\/wp\/v2\/types\/page"}],"author":[{"embeddable":true,"href":"https:\/\/www.belfers.de\/index.php?rest_route=\/wp\/v2\/users\/1"}],"replies":[{"embeddable":true,"href":"https:\/\/www.belfers.de\/index.php?rest_route=%2Fwp%2Fv2%2Fcomments&post=1850"}],"version-history":[{"count":11,"href":"https:\/\/www.belfers.de\/index.php?rest_route=\/wp\/v2\/pages\/1850\/revisions"}],"predecessor-version":[{"id":1857,"href":"https:\/\/www.belfers.de\/index.php?rest_route=\/wp\/v2\/pages\/1850\/revisions\/1857"}],"up":[{"embeddable":true,"href":"https:\/\/www.belfers.de\/index.php?rest_route=\/wp\/v2\/pages\/152"}],"wp:attachment":[{"href":"https:\/\/www.belfers.de\/index.php?rest_route=%2Fwp%2Fv2%2Fmedia&parent=1850"}],"curies":[{"name":"wp","href":"https:\/\/api.w.org\/{rel}","templated":true}]}}